ide 65962364?
False
Is 1219163 a multiple of 365?
False
Is 3345535 a multiple of 20?
False
Does 33 divide 1488149048?
False
Is 23 a factor of 43667137?
False
Is 2123 a factor of 34944580?
True
Does 63 divide 327663567?
True
Does 25 divide 25459783?
False
Is 14368692 a multiple of 52?
True
Does 10 divide 3722853297?
False
Does 15 divide 291845847?
False
Does 65 divide 1248534136?
False
Does 11 divide 863589?
False
Does 291 divide 759751023?
False
Is 88826561 a multiple of 50?
False
Is 3266560272 a multiple of 496?
True
Is 37223221 a multiple of 491?
False
Is 225067167 a multiple of 13?
True
Does 7 divide 7492114?
True
Is 2 a factor of 2825027?
False
Does 19 divide 10212709?
True
Does 32 divide 56525120?
True
Is 3 a factor of 288796577?
False
Is 8 a factor of 1989434167?
False
Does 167 divide 470141731?
False
Is 16 a factor of 146353472?
True
Is 950959951 a multiple of 1069?
True
Is 22 a factor of 1136233?
False
Is 14 a factor of 905613758?
True
Is 1190 a factor of 48812610?
True
Is 4 a factor of 54149961?
False
Is 54976548 a multiple of 4?
True
Is 376932671 a multiple of 44?
False
Is 362841833 a multiple of 356?
False
Does 26 divide 45191120?
True
Does 21 divide 1005205887?
True
Is 766 a factor of 28568736?
True
Does 37 divide 15163178?
False
Is 33571179 a multiple of 235?
False
Is 356 a factor of 518434713?
False
Is 1023 a factor of 271331762?
False
Is 32 a factor of 182422688?
True
Is 270379968 a multiple of 68?
True
Does 6 divide 11877859?
False
Does 1884 divide 1136050764?
False
Does 61 divide 6358726?
False
Is 102754012 a multiple of 2710?
False
Does 178 divide 360830564?
True
Is 144103841 a multiple of 68?
False
Does 4664 divide 270289229?
False
Is 291 a factor of 2112897280?
False
Does 341 divide 447051?
True
Is 409 a factor of 12200061?
True
Is 44589072 a multiple of 30?
False
Does 325 divide 20006025?
True
Is 114174763 a multiple of 547?
True
Does 11 divide 5056689?
True
Does 770 divide 48694725?
False
Is 7985 a factor of 2029533572?
False
Does 376 divide 245357167?
False
Does 98 divide 472240440?
True
Does 381 divide 451146794?
False
Does 10 divide 58105600?
True
Is 63 a factor of 54533367?
True
Is 48 a factor of 39934080?
True
Does 796 divide 96745340?
False
Is 37705152 a multiple of 161?
False
Is 4 a factor of 8677930?
False
Is 612607532 a multiple of 73?
True
Is 46601408 a multiple of 448?
True
Is 28800172 a multiple of 165?
False
Is 185 a factor of 3260314015?
True
Is 32 a factor of 50533376?
True
Does 7232 divide 2493858191?
False
Is 810505325 a multiple of 931?
True
Does 62 divide 697560450?
True
Is 56815602 a multiple of 72?
False
Is 1644511680 a multiple of 1260?
True
Is 28 a factor of 26460843?
False
Does 149 divide 2794048?
True
Is 2417862231 a multiple of 395?
False
Does 3992 divide 925493304?
True
Is 30994118 a multiple of 1234?
False
Is 7068582 a multiple of 18?
True
Is 2423600076 a multiple of 44?
False
Is 35 a factor of 136329725?
True
Does 96 divide 16639968?
True
Is 7945 a factor of 2908840033?
False
Does 382 divide 589308321?
False
Is 8177052 a multiple of 299?
True
Is 66372069 a multiple of 1045?
False
Is 13 a factor of 25679264?
True
Does 138 divide 3241758?
True
Does 9 divide 91598160?
False
Is 270912397 a multiple of 3527?
True
Is 807 a factor of 177397437?
False
Is 10751966 a multiple of 96?
False
Is 877 a factor of 20975209?
True
Is 69 a factor of 36931215?
True
Is 319 a factor of 210018116?
True
Is 338679979 a multiple of 392?
False
Does 9 divide 71289170?
False
Is 43121330 a multiple of 985?
True
Is 27 a factor of 274018232?
False
Is 852 a factor of 887816922?
False
Is 78714055 a multiple of 2887?
True
Is 74 a factor of 7172999?
False
Is 2814 a factor of 300121542?
True
Is 1893 a factor of 1032830265?
True
Does 1023 divide 31793459?
False
Is 28781865 a multiple of 2061?
True
Does 512 divide 6387712?
True
Does 66 divide 53580967?
False
Does 13 divide 65220844?
True
Is 2393086202 a multiple of 2938?
True
Is 9204158 a multiple of 162?
False
Is 15 a factor of 95855220?
True
Does 28 divide 10479420?
True
Does 18 divide 1529750077?
False
Does 92 divide 415523?
False
Is 2695 a factor of 80948224?
False
Does 3438 divide 260386114?
False
Is 12 a factor of 17138790?
False
Is 2825 a factor of 192114203?
False
Is 212 a factor of 161988140?
True
Is 31 a factor of 1738484606?
False
Is 11 a factor of 3686096439?
False
Is 4 a factor of 7049730?
False
Is 10059499 a multiple of 137?
True
Is 41194206 a multiple of 155?
False
Does 4971 divide 2117646?
True
Does 3 divide 44653182?
True
Does 200 divide 16210883?
False
Is 64 a factor of 15056960?
True
Is 74753598 a multiple of 298?
True
Is 22019296 a multiple of 24?
False
Is 77782936 a multiple of 257?
False
Is 9707016 a multiple of 332?
True
Is 42 a factor of 9508714?
False
Does 63 divide 21773430?
True
Is 561016855 a multiple of 7?
True
Is 3 a factor of 309555?
True
Is 12 a factor of 4780509948?
True
Is 140 a factor of 1728405502?
False
Is 15270002 a multiple of 6?
False
Is 18123405 a multiple of 2?
False
Is 4553 a factor of 274042213?
False
Is 165 a factor of 174726255?
True
Does 775 divide 28794855?
False
Is 3409959456 a multiple of 9?
True
Does 6410 divide 397496379?
False
Is 2354079459 a multiple of 89?
True
Does 100 divide 14889900?
True
Does 14 divide 131936610?
False
Does 123 divide 503754078?
False
Does 29 divide 28563687?
False
Does 22 divide 7311368020?
True
Does 807 divide 49419873?
True
Is 160 a factor of 928280640?
True
Is 548251492 a multiple of 1650?
False
Is 1000666239 a multiple of 8247?
True
Does 9 divide 10763812?
False
Is 171 a factor of 53158257?
True
Is 40 a factor of 493546414?
False
Does 49 divide 2294694549?
True
Is 164 a factor of 219133784?
False
Is 41832340 a multiple of 4944?
False
Does 199 divide 2248154027?
False
Is 1088 a factor of 2715822405?
False
Is 1588 a factor of 11952122?
False
Is 7 a factor of 13367910?
False
Is 4358 a factor of 235046164?
False
Is 13475 a factor of 3459571500?
True
Is 23 a factor of 28434314?
False
Does 674 divide 15922758?
False
Is 5 a factor of 912211795?
True
Does 88 divide 20325094?
False
Is 11094086 a multiple of 86?
True
Is 12429055 a multiple of 15?
False
Is 7136838 a multiple of 17?
True
Is 37049803 a multiple of 29?
False
Does 7 divide 59064?
False
Is 357478804 a multiple of 11?
False
Is 1396045188 a multiple of 8146?
True
Does 1710 divide 68967720?
True
Is 170527473 a multiple of 27?
False
Is 425262131 a multiple of 53?
False
Does 304 divide 21559072?
True
Is 32558426 a multiple of 933?
False
Does 8 divide 359013578?
False
Is 6516138 a multiple of 106?
True
Is 33 a factor of 37695849?
False
Is 42848712 a multiple of 1506?
True
Is 1468497316 a multiple of 84?
False
Does 2656 divide 217276736?
True
Is 36 a factor of 5500453575?
False
Does 235 divide 87696595?
True
Is 42 a factor of 1776661320?
True
Is 31499433 a multiple of 21?
True
Is 1690 a factor of 775986509?
False
Does 273 divide 207697854?
True
Is 403 a factor of 114809645?
False
Is 85 a factor of 1387093928?
False
Is 1130175709 a multiple of 40?
False
Does 77 divide 192366867?
True
Does 63 divide 6399288?
True
Does 18 divide 11959742?
False
Is 5491101 a multiple of 231?
True
Does 4 divide 202864465?
False
Is 32 a factor of 2290942019?
False
Does 5915 divide 1636413813?
False
Is 12 a factor of 1557708?
True
Is 55336602 a multiple of 3?
True
Is 7 a factor of 174661522?
True
Is 2510 a factor of 172371482?
False
Is 4996 a factor of 222839933?
False
Is 464 a factor of 345905040?
True
Is 335737168 a multiple of 2867?
True
Is 7677 a factor of 397499706?
True
Is 495989548 a multiple of 415?
False
Is 1350218 a multiple of 3?
False
Is 44810969 a multiple of 4?
False
Does 679 divide 60393834?
False
Is 14 a factor of 50739865?
False
Does 13 divide 28067065?
True
Is 85 a factor of 5175699?
False
Is 33555125 a multiple of 6?
False
Is 3317 a factor of 827523546?
False
Is 220 a factor of 12805420?
False
Does 12 divide 2484638039?
False
Does 11 divide 568368?
False
Is 173606008 a multiple of 785?
False
Is 972893735 a multiple of 177?
False
Does 417 divide 13306677?
False
Does 1153 divide 232735356?
True
Does 3 divide 33849402?
True
Is 42 a factor of 142048116?
True
Is 168429610 a multiple of 10?
True
Is 793 a factor of 18092895?
False
Is 2938 a factor of 4772529913?
Fal